{"id":142,"date":"2020-05-22T18:58:20","date_gmt":"2020-05-22T16:58:20","guid":{"rendered":"http:\/\/riaconseil.com\/?page_id=142"},"modified":"2020-07-06T08:56:16","modified_gmt":"2020-07-06T06:56:16","slug":"contact","status":"publish","type":"page","link":"https:\/\/riaconseil.com\/index.php\/contact\/","title":{"rendered":"Contact"},"content":{"rendered":"\n<ul><li>Portable : (+262) 06 92 77 08 32<\/li><li>Fixe : (+262) 02 62 01 57 00<\/li><li>Email : <a href=\"mailto:contact@riaconseil.com\"><span class=\"has-inline-color has-vivid-cyan-blue-color\">contact@riaconseil.com<\/span><\/a> \/ <a href=\"mailto:clement.thomas@riaconseil.com\"><span class=\"has-inline-color has-vivid-cyan-blue-color\">clement.thomas@riaconseil.com<\/span><\/a><\/li><li>Adresse : Appt 150 &#8211; R\u00e9sidence les Jardins d&rsquo;H\u00e9va &#8211; 91 rue Fran\u00e7ois de Mahy &#8211; 97410 SAINT-PIERRE<\/li><li>Linkedin : <a href=\"http:\/\/linkedin.com\/company\/ria-conseil\"><span class=\"has-inline-color has-vivid-cyan-blue-color\">linkedin.com\/company\/ria-conseil<\/span><\/a><\/li><li>Skype : clement__thomas<\/li><\/ul>\n","protected":false},"excerpt":{"rendered":"<p>Portable : (+262) 06 92 77 08 32 Fixe : (+262) 02 62 01 57 00 Email : contact@riaconseil.com \/ clement.thomas@riaconseil.com Adresse : Appt 150 &#8211; R\u00e9sidence les Jardins d&rsquo;H\u00e9va &#8211; 91 rue Fran\u00e7ois de Mahy &#8211; 97410 SAINT-PIERRE Linkedin : linkedin.com\/company\/ria-conseil Skype : clement__thomas<\/p>\n","protected":false},"author":1,"featured_media":0,"parent":0,"menu_order":0,"comment_status":"closed","ping_status":"closed","template":"","meta":[],"_links":{"self":[{"href":"https:\/\/riaconseil.com\/index.php\/wp-json\/wp\/v2\/pages\/142"}],"collection":[{"href":"https:\/\/riaconseil.com\/index.php\/wp-json\/wp\/v2\/pages"}],"about":[{"href":"https:\/\/riaconseil.com\/index.php\/wp-json\/wp\/v2\/types\/page"}],"author":[{"embeddable":true,"href":"https:\/\/riaconseil.com\/index.php\/wp-json\/wp\/v2\/users\/1"}],"replies":[{"embeddable":true,"href":"https:\/\/riaconseil.com\/index.php\/wp-json\/wp\/v2\/comments?post=142"}],"version-history":[{"count":3,"href":"https:\/\/riaconseil.com\/index.php\/wp-json\/wp\/v2\/pages\/142\/revisions"}],"predecessor-version":[{"id":237,"href":"https:\/\/riaconseil.com\/index.php\/wp-json\/wp\/v2\/pages\/142\/revisions\/237"}],"wp:attachment":[{"href":"https:\/\/riaconseil.com\/index.php\/wp-json\/wp\/v2\/media?parent=142"}],"curies":[{"name":"wp","href":"https:\/\/api.w.org\/{rel}","templated":true}]}}